{"id":800,"date":"2018-08-30T18:35:28","date_gmt":"2018-08-30T21:35:28","guid":{"rendered":"https:\/\/smgoretti-mza.infd.edu.ar\/sitio\/profesorado-de-educacion-fisica\/"},"modified":"2019-02-06T00:31:37","modified_gmt":"2019-02-06T03:31:37","slug":"profesorado-de-educacion-fisica","status":"publish","type":"page","link":"https:\/\/smgoretti-infd.mendoza.edu.ar\/sitio\/profesorado-de-educacion-fisica\/","title":{"rendered":"Profesorado de Educaci\u00f3n F\u00edsica"},"content":{"rendered":"<p style=\"text-align: center;\"><strong><a class=\"LinkModi\" title=\"https:\/\/smgoretti-infd.mendoza.edu.ar\/aula\/archivos\/repositorio\/\/0\/47\/Disenio_Edu_Fisica.pdf\" href=\"https:\/\/smgoretti-infd.mendoza.edu.ar\/aula\/archivos\/repositorio\/\/0\/47\/Disenio_Edu_Fisica.pdf\" target=\"_NEW\">Clic aqu\u00ed para ingresar al Dise\u00f1o Curricular del P<\/a><\/strong><strong><a class=\"LinkModi\" title=\"https:\/\/smgoretti-infd.mendoza.edu.ar\/aula\/archivos\/repositorio\/\/0\/47\/Disenio_Edu_Fisica.pdf\" href=\"https:\/\/smgoretti-infd.mendoza.edu.ar\/aula\/archivos\/repositorio\/\/0\/47\/Disenio_Edu_Fisica.pdf\" target=\"_NEW\">ROFESORADO DE EDUCACI\u00d3N F\u00cdSICA RESOLUCI\u00d3N 00576-DGE-2010<\/a><\/strong><\/p>\n<p><strong>\u00a0 \u00a0 \u00a0 \u00a0<\/strong><\/p>\n<p style=\"text-align: center;\"><a class=\"LinkModi\" title=\"https:\/\/smgoretti-infd.mendoza.edu.ar\/aula\/archivos\/repositorio\/\/0\/47\/Disenio_Edu_Fisica.pdf\" href=\"https:\/\/smgoretti-infd.mendoza.edu.ar\/aula\/archivos\/repositorio\/\/0\/47\/Disenio_Edu_Fisica.pdf\" target=\"_NEW\"><img decoding=\"async\" title=\"\" src=\"https:\/\/smgoretti-infd.mendoza.edu.ar\/sitio\/wp-content\/uploads\/2018\/08\/caratula-prof-educ-fisica.jpg\" alt=\"\" border=\"0\" \/><\/a><\/p>\n<p>&nbsp;<\/p>\n<p style=\"text-align: center;\">CUADERNILLO DE INGRESO 2019\u00a0 EN EL SIGUIENTE ENLACE<\/p>\n<p style=\"text-align: center;\"><a href=\"https:\/\/smgoretti-infd.mendoza.edu.ar\/sitio\/wp-content\/uploads\/2019\/02\/5-TallerInicial-PEF2019.pdf\">Taller Inicial &#8211; PEF 2019<\/a><\/p>\n<p><strong>\u00a0<\/strong><\/p>\n<p><strong>\u00a0<\/strong><\/p>\n<p><strong>\u00a0<\/strong><\/p>\n<p><strong>\u00a0<\/strong><\/p>\n<p><strong>Denominaci\u00f3n de la Carrera: <\/strong>Profesorado de Educaci\u00f3n F\u00edsica<\/p>\n<p><strong>T\u00edtulo a otorgar: <\/strong>Profesor\/a de Educaci\u00f3n F\u00edsica<\/p>\n<p><strong>Duraci\u00f3n de la Carrera: <\/strong>4 a\u00f1os<\/p>\n<p><strong>Carga horaria total: <\/strong>2858 horas reloj (4288 horas c\u00e1tedra)<\/p>\n<p>&nbsp;<\/p>\n<p><span style=\"text-decoration: underline;\"><strong>Objetivos de la carrera<\/strong><\/span><\/p>\n<ul>\n<li style=\"text-align: justify;\">Formar docentes capaces de desplegar pr\u00e1cticas motrices educativas contextualizadas, desde fundados posicionamientos te\u00f3ricos, con creatividad, esp\u00edritu de innovaci\u00f3n, compromiso social y respeto por la diversidad.<\/li>\n<li style=\"text-align: justify;\">Garantizar una formaci\u00f3n docente inicial integral, a trav\u00e9s del desarrollo equilibrado de los campos de formaci\u00f3n pedag\u00f3gica, espec\u00edfica y de la pr\u00e1ctica profesional docente, con los aportes de los diferentes campos del conocimiento.<\/li>\n<li style=\"text-align: justify;\">Promover el desarrollo de habilidades y actitudes desde las praxis motrices para el ejercicio \u00e9tico, racional, reflexivo, cr\u00edtico y eficiente de la docencia, entendiendo que la Educaci\u00f3n F\u00edsica es un derecho y un deber social, y que los sujetos son seres sociales, integrantes de una familia y de una comunidad, que poseen caracter\u00edsticas personales, sociales, culturales y ling\u00fc\u00edsticas particulares y que aprenden en un proceso constructivo y relacional con su ambiente.<\/li>\n<li style=\"text-align: justify;\">Estimular procesos que impulsen la cooperaci\u00f3n y la conformaci\u00f3n de redes interinstitucionales, el trabajo en grupo y la responsabilidad, propiciando la formaci\u00f3n de ciudadanos y profesionales conscientes de sus deberes y derechos, dispuestos y capacitados para participar y liderar en la detecci\u00f3n y soluci\u00f3n de los problemas \u00e1ulicos, institucionales y comunitarios diversos.<\/li>\n<li style=\"text-align: justify;\">Propiciar en los\/as futuros\/as docentes la construcci\u00f3n de una identidad profesional clara, a trav\u00e9s de los an\u00e1lisis de los fundamentos pol\u00edticos, sociol\u00f3gicos, epistemol\u00f3gicos, pedag\u00f3gicos, \u00a0sicol\u00f3gicos y did\u00e1cticos que atraviesan las teor\u00edas de la ense\u00f1anza y del aprendizaje y del \u00a0desarrollo de las competencias que conforman la especificidad de la tarea docente en el campo de las Actividades F\u00edsicas y el Deporte.<\/li>\n<\/ul>\n<p>&nbsp;<\/p>\n","protected":false},"excerpt":{"rendered":"<p>Clic aqu\u00ed para ingresar al Dise\u00f1o Curricular del PROFESORADO DE EDUCACI\u00d3N F\u00cdSICA RESOLUCI\u00d3N 00576-DGE-2010 \u00a0 \u00a0 \u00a0 \u00a0 &nbsp; CUADERNILLO DE INGRESO 2019\u00a0 EN EL SIGUIENTE ENLACE Taller Inicial &#8211; PEF 2019 \u00a0 \u00a0 \u00a0 \u00a0 Denominaci\u00f3n de la Carrera: Profesorado de Educaci\u00f3n F\u00edsica T\u00edtulo a otorgar: Profesor\/a de Educaci\u00f3n F\u00edsica Duraci\u00f3n de la Carrera: &#8230; <a title=\"Profesorado de Educaci\u00f3n F\u00edsica\" class=\"read-more\" href=\"https:\/\/smgoretti-infd.mendoza.edu.ar\/sitio\/profesorado-de-educacion-fisica\/\" aria-label=\"More on Profesorado de Educaci\u00f3n F\u00edsica\">[+]<\/a><\/p>\n","protected":false},"author":208,"featured_media":0,"parent":0,"menu_order":0,"comment_status":"closed","ping_status":"closed","template":"","meta":[],"acf":[],"_links":{"self":[{"href":"https:\/\/smgoretti-infd.mendoza.edu.ar\/sitio\/wp-json\/wp\/v2\/pages\/800"}],"collection":[{"href":"https:\/\/smgoretti-infd.mendoza.edu.ar\/sitio\/wp-json\/wp\/v2\/pages"}],"about":[{"href":"https:\/\/smgoretti-infd.mendoza.edu.ar\/sitio\/wp-json\/wp\/v2\/types\/page"}],"author":[{"embeddable":true,"href":"https:\/\/smgoretti-infd.mendoza.edu.ar\/sitio\/wp-json\/wp\/v2\/users\/208"}],"replies":[{"embeddable":true,"href":"https:\/\/smgoretti-infd.mendoza.edu.ar\/sitio\/wp-json\/wp\/v2\/comments?post=800"}],"version-history":[{"count":5,"href":"https:\/\/smgoretti-infd.mendoza.edu.ar\/sitio\/wp-json\/wp\/v2\/pages\/800\/revisions"}],"predecessor-version":[{"id":968,"href":"https:\/\/smgoretti-infd.mendoza.edu.ar\/sitio\/wp-json\/wp\/v2\/pages\/800\/revisions\/968"}],"wp:attachment":[{"href":"https:\/\/smgoretti-infd.mendoza.edu.ar\/sitio\/wp-json\/wp\/v2\/media?parent=800"}],"curies":[{"name":"wp","href":"https:\/\/api.w.org\/{rel}","templated":true}]}}